{"id":181,"date":"2022-09-04T09:17:28","date_gmt":"2022-09-04T07:17:28","guid":{"rendered":"https:\/\/liri.ch\/?page_id=181"},"modified":"2022-11-26T16:54:12","modified_gmt":"2022-11-26T15:54:12","slug":"willkommen-bei-unseren-reiseberichten","status":"publish","type":"page","link":"https:\/\/maenner.liri.ch\/","title":{"rendered":"Wer sind wir ?"},"content":{"rendered":"\n<p style=\"font-size:15px\">Wir sind eine Gruppe nicht-mehr-ganz-junger M\u00e4nner, welche sich monatlich unverbindlich zu einem geselligen Anlass zusammenfindet. Unsere Aktivit\u00e4ten sind vielf\u00e4ltig aus verschiedensten Bereichen zusammengestellt und umfassen mehrheitlich kulturelle und sportliche Events, meistens am Freitagabend.<\/p>\n\n\n\n<p><\/p>\n","protected":false},"excerpt":{"rendered":"<p>Wir sind eine Gruppe nicht-mehr-ganz-junger M\u00e4nner, welche sich monatlich unverbindlich zu einem geselligen Anlass zusammenfindet. Unsere Aktivit\u00e4ten sind vielf\u00e4ltig aus verschiedensten Bereichen zusammengestellt und umfassen mehrheitlich kulturelle und sportliche Events, meistens am Freitagabend.<\/p>\n","protected":false},"author":1,"featured_media":0,"parent":0,"menu_order":0,"comment_status":"closed","ping_status":"closed","template":"","meta":{"footnotes":""},"class_list":["post-181","page","type-page","status-publish","hentry","post-preview"],"jetpack_sharing_enabled":true,"_links":{"self":[{"href":"https:\/\/maenner.liri.ch\/index.php?rest_route=\/wp\/v2\/pages\/181","targetHints":{"allow":["GET"]}}],"collection":[{"href":"https:\/\/maenner.liri.ch\/index.php?rest_route=\/wp\/v2\/pages"}],"about":[{"href":"https:\/\/maenner.liri.ch\/index.php?rest_route=\/wp\/v2\/types\/page"}],"author":[{"embeddable":true,"href":"https:\/\/maenner.liri.ch\/index.php?rest_route=\/wp\/v2\/users\/1"}],"replies":[{"embeddable":true,"href":"https:\/\/maenner.liri.ch\/index.php?rest_route=%2Fwp%2Fv2%2Fcomments&post=181"}],"version-history":[{"count":34,"href":"https:\/\/maenner.liri.ch\/index.php?rest_route=\/wp\/v2\/pages\/181\/revisions"}],"predecessor-version":[{"id":1462,"href":"https:\/\/maenner.liri.ch\/index.php?rest_route=\/wp\/v2\/pages\/181\/revisions\/1462"}],"wp:attachment":[{"href":"https:\/\/maenner.liri.ch\/index.php?rest_route=%2Fwp%2Fv2%2Fmedia&parent=181"}],"curies":[{"name":"wp","href":"https:\/\/api.w.org\/{rel}","templated":true}]}}